{"id":184,"date":"2011-08-18T07:57:54","date_gmt":"2011-08-18T07:57:54","guid":{"rendered":"http:\/\/www.xn--kita-whlmuse-ocb64a.de\/?page_id=184"},"modified":"2015-02-03T10:07:14","modified_gmt":"2015-02-03T10:07:14","slug":"feldhofer-kindergarten-zu-besuch-bei-den-wuhlmausen","status":"publish","type":"page","link":"https:\/\/www.xn--kita-whlmuse-ocb64a.de\/?page_id=184","title":{"rendered":"Feldhofer Kindergarten zu Besuch bei den W\u00fchlm\u00e4usen"},"content":{"rendered":"<p>\u00dcber die Intitiative von Frau Aschermann-Ludwig, Leiterin des  Gemeindekindergartens \u201cIm Feldhof\u201d, die Kita \u201cW\u00fchlm\u00e4use\u201d einzuladen,  freuten wir uns sehr. Das hat es in den \u00fcber 20 Jahren Nachbarschaft  bisher noch nicht gegeben.<\/p>\n<p>Zun\u00e4chst besuchte jedoch uns eine Kindergruppe des Feldhofes an ihrem  Waldtag. Schon fr\u00fch morgens schnippelten gro\u00dfe und kleine W\u00fchlm\u00e4use  flei\u00dfig und aufgeregt Obst und Gem\u00fcse denn \u201cheute kommen ja ganz viele  G\u00e4ste und so macht man das wenn man G\u00e4ste einl\u00e4dt\u201d. Als die vielen  fremden -und teils bekannten- Kinder dann kamen war die Freude und  Aufregung gro\u00df und nach der Obstrunde erkundeten die Kinder das  Au\u00dfenspielgel\u00e4nde und die R\u00e4umlichkeiten der W\u00fchlm\u00e4use.<\/p>\n<p>Teils durchmischten sich die beiden Kindergruppen, teils blieben sie  unter sich. Bei Spitzentemperaturen war die Stimmung gut . Der  Gegenbesuch bei den Feldhofkindern wird \u00fcbrigens in wenigen Wochen  stattfinden. und in Zukunft dann sicherlich in k\u00fcrzeren Abst\u00e4nden als 20  Jahre.<\/p>\n<p>(Kaufunger Woche Juni 2011)<\/p>\n","protected":false},"excerpt":{"rendered":"<p>\u00dcber die Intitiative von Frau Aschermann-Ludwig, Leiterin des Gemeindekindergartens \u201cIm Feldhof\u201d, die Kita \u201cW\u00fchlm\u00e4use\u201d einzuladen, freuten wir uns sehr. Das hat es in den \u00fcber 20 Jahren Nachbarschaft bisher noch nicht gegeben. Zun\u00e4chst besuchte jedoch uns eine Kindergruppe des Feldhofes an ihrem Waldtag. Schon fr\u00fch morgens schnippelten gro\u00dfe und kleine W\u00fchlm\u00e4use flei\u00dfig und aufgeregt Obst &hellip; <a href=\"https:\/\/www.xn--kita-whlmuse-ocb64a.de\/?page_id=184\" class=\"more-link\"><span class=\"screen-reader-text\">Feldhofer Kindergarten zu Besuch bei den W\u00fchlm\u00e4usen<\/span> weiterlesen <span class=\"meta-nav\">&rarr;<\/span><\/a><\/p>\n","protected":false},"author":4,"featured_media":0,"parent":32,"menu_order":0,"comment_status":"closed","ping_status":"open","template":"","meta":{"footnotes":""},"class_list":["post-184","page","type-page","status-publish","hentry"],"_links":{"self":[{"href":"https:\/\/www.xn--kita-whlmuse-ocb64a.de\/index.php?rest_route=\/wp\/v2\/pages\/184","targetHints":{"allow":["GET"]}}],"collection":[{"href":"https:\/\/www.xn--kita-whlmuse-ocb64a.de\/index.php?rest_route=\/wp\/v2\/pages"}],"about":[{"href":"https:\/\/www.xn--kita-whlmuse-ocb64a.de\/index.php?rest_route=\/wp\/v2\/types\/page"}],"author":[{"embeddable":true,"href":"https:\/\/www.xn--kita-whlmuse-ocb64a.de\/index.php?rest_route=\/wp\/v2\/users\/4"}],"replies":[{"embeddable":true,"href":"https:\/\/www.xn--kita-whlmuse-ocb64a.de\/index.php?rest_route=%2Fwp%2Fv2%2Fcomments&post=184"}],"version-history":[{"count":1,"href":"https:\/\/www.xn--kita-whlmuse-ocb64a.de\/index.php?rest_route=\/wp\/v2\/pages\/184\/revisions"}],"predecessor-version":[{"id":185,"href":"https:\/\/www.xn--kita-whlmuse-ocb64a.de\/index.php?rest_route=\/wp\/v2\/pages\/184\/revisions\/185"}],"up":[{"embeddable":true,"href":"https:\/\/www.xn--kita-whlmuse-ocb64a.de\/index.php?rest_route=\/wp\/v2\/pages\/32"}],"wp:attachment":[{"href":"https:\/\/www.xn--kita-whlmuse-ocb64a.de\/index.php?rest_route=%2Fwp%2Fv2%2Fmedia&parent=184"}],"curies":[{"name":"wp","href":"https:\/\/api.w.org\/{rel}","templated":true}]}}