{"id":213,"date":"2011-08-18T21:10:19","date_gmt":"2011-08-18T21:10:19","guid":{"rendered":"http:\/\/www.xn--kita-whlmuse-ocb64a.de\/?page_id=213"},"modified":"2015-02-03T10:07:13","modified_gmt":"2015-02-03T10:07:13","slug":"kfgwo_einweihungsfest-in-runderneuerten-raumlichkeiten","status":"publish","type":"page","link":"https:\/\/www.xn--kita-whlmuse-ocb64a.de\/?page_id=213","title":{"rendered":"Einweihungsfest in runderneuerten R\u00e4umlichkeiten"},"content":{"rendered":"<p><a href=\"https:\/\/www.xn--kita-whlmuse-ocb64a.de\/wp-content\/uploads\/2011\/08\/Teamfoto_J\u00f6ckel_Ross.jpg\"><img loading=\"lazy\" decoding=\"async\" class=\"alignnone size-full wp-image-345\" title=\"Teamfoto_J\u00f6ckel_Ross\" src=\"https:\/\/www.xn--kita-whlmuse-ocb64a.de\/wp-content\/uploads\/2011\/08\/Teamfoto_J\u00f6ckel_Ross.jpg\" alt=\"\" width=\"300\" height=\"225\" \/><\/a><\/p>\n<div>\n<div id=\"picstartseite\">V.l.n.r. das Team der Kita &#8222;W\u00fchlm\u00e4use&#8220;, B\u00fcrgermeister Arnim Ross u. Christoph J\u00f6ckel vom Jugendamt des LK Kassel<\/div>\n<div><\/div>\n<\/div>\n<p><strong> <\/strong><strong>KiTa &#8222;Die W\u00fchlm\u00e4use&#8220; &#8211; Einweihungsfest in runderneuerten R\u00e4umlichkeiten<\/strong><\/p>\n<p><strong> <\/strong>Das Ergebnis konnte sich sehen lassen. Erzieher J\u00f6rg Thunert benannte die Ideen der Renovierung in seiner Er\u00f6ffnungsrede. Die Multifunktionalit\u00e4t der R\u00e4umlichkeiten habe sich zunehmend als unpraktisch herausgestellt. Nun wissen die Kinder: Hier darf ich toben, dort wird gelesen und hier kann ich mich ohne Ablenkung in meine Bastelarbeit vertiefen. Das Ergebnis ist eine deutlich entspanntere Atmosph\u00e4re.<\/p>\n<p><strong> <\/strong>Ein Raum wurde zum Atelier umgestaltet und bietet nun bessere M\u00f6glichkeiten, angefangene Arbeiten zu einem sp\u00e4teren Zeitpunkt fortzuf\u00fchren.<\/p>\n<p><strong> <\/strong>Das &#8222;Herz&#8220; der Kita ist  der &#8222;Burgraum&#8220;. Hier finden die Kinder einen Rollenspielbereich und reichlich Platz zum Toben.<\/p>\n<p><strong> <\/strong>Auch der Raum der Unter-3-J\u00e4hrigen wurde neu gestaltet und bietet M\u00f6glichkeiten zum Klettern oder Spielen in H\u00f6hlen.<\/p>\n<p><strong> <\/strong>Der Essbereich wurde durch erh\u00f6hte Sitzkombinationen ansprechender und r\u00fcckenfreundlicher gestaltet.<\/p>\n<p><strong> <\/strong>Im Bad wurde eine Fussbodenheizung installiert und demn\u00e4chst mit besseren Wasserspielm\u00f6glichkeiten ausgestattet.<\/p>\n<p><strong> <\/strong>Der Sandkasten wurde durch eine ansprechende Kletterlandschaft erweitert. Nach dem Motto &#8222;so abenteuerlich wie m\u00f6glich und so sicher wie n\u00f6tig&#8220; zeigten sich am Ende sowohl die Kinder als auch der T\u00dcV vollends zufrieden.<\/p>\n<p><strong> <\/strong>Finanziert wurden die Bauma\u00dfnahmen \u00fcberwiegend aus Eigenmitteln, mittels 25.000 \u20ac Zusch\u00fcssen aus Landesmitteln und einer 500 \u20ac Spende aus den Erl\u00f6sen des letzten IGS-Kinderflohmarktes. Die W\u00fchlm\u00e4use sagen Herzlichen Dank !<\/p>\n<p><strong> <\/strong>Bei guten Wetter und reichhaltigem Kuchenbuffet kamen neben Handwerkern, dem Kitafachberater Hr. J\u00f6ckel und vielen derzeitigen Kinder und Eltern der W\u00fchlm\u00e4use, auch etliche Ehemalige sowie neue W\u00fchlmaus-Interessierte. Denn: <strong>Ab Sommer 2012 haben &#8222;Die W\u00fchlm\u00e4use&#8220; neue Pl\u00e4tze zu vergeben, auch f\u00fcr Kinder mit speziellem F\u00f6rderungsbedarf! <\/strong>Besonders gefreut haben sich die ErzieherInnen \u00fcber den Besuch von Mitarbeiterinnen der gemeindlichen Kitas sowie des neuen B\u00fcrgermeisters Arnim Ross und deren mitgebrachte Geschenke.<\/p>\n<p>&nbsp;<\/p>\n<p>&nbsp;<\/p>\n","protected":false},"excerpt":{"rendered":"<p>V.l.n.r. das Team der Kita &#8222;W\u00fchlm\u00e4use&#8220;, B\u00fcrgermeister Arnim Ross u. Christoph J\u00f6ckel vom Jugendamt des LK Kassel KiTa &#8222;Die W\u00fchlm\u00e4use&#8220; &#8211; Einweihungsfest in runderneuerten R\u00e4umlichkeiten Das Ergebnis konnte sich sehen lassen. Erzieher J\u00f6rg Thunert benannte die Ideen der Renovierung in seiner Er\u00f6ffnungsrede. Die Multifunktionalit\u00e4t der R\u00e4umlichkeiten habe sich zunehmend als unpraktisch herausgestellt. Nun wissen die &hellip; <a href=\"https:\/\/www.xn--kita-whlmuse-ocb64a.de\/?page_id=213\" class=\"more-link\"><span class=\"screen-reader-text\">Einweihungsfest in runderneuerten R\u00e4umlichkeiten<\/span> weiterlesen <span class=\"meta-nav\">&rarr;<\/span><\/a><\/p>\n","protected":false},"author":4,"featured_media":0,"parent":32,"menu_order":0,"comment_status":"closed","ping_status":"closed","template":"","meta":{"footnotes":""},"class_list":["post-213","page","type-page","status-publish","hentry"],"_links":{"self":[{"href":"https:\/\/www.xn--kita-whlmuse-ocb64a.de\/index.php?rest_route=\/wp\/v2\/pages\/213","targetHints":{"allow":["GET"]}}],"collection":[{"href":"https:\/\/www.xn--kita-whlmuse-ocb64a.de\/index.php?rest_route=\/wp\/v2\/pages"}],"about":[{"href":"https:\/\/www.xn--kita-whlmuse-ocb64a.de\/index.php?rest_route=\/wp\/v2\/types\/page"}],"author":[{"embeddable":true,"href":"https:\/\/www.xn--kita-whlmuse-ocb64a.de\/index.php?rest_route=\/wp\/v2\/users\/4"}],"replies":[{"embeddable":true,"href":"https:\/\/www.xn--kita-whlmuse-ocb64a.de\/index.php?rest_route=%2Fwp%2Fv2%2Fcomments&post=213"}],"version-history":[{"count":8,"href":"https:\/\/www.xn--kita-whlmuse-ocb64a.de\/index.php?rest_route=\/wp\/v2\/pages\/213\/revisions"}],"predecessor-version":[{"id":641,"href":"https:\/\/www.xn--kita-whlmuse-ocb64a.de\/index.php?rest_route=\/wp\/v2\/pages\/213\/revisions\/641"}],"up":[{"embeddable":true,"href":"https:\/\/www.xn--kita-whlmuse-ocb64a.de\/index.php?rest_route=\/wp\/v2\/pages\/32"}],"wp:attachment":[{"href":"https:\/\/www.xn--kita-whlmuse-ocb64a.de\/index.php?rest_route=%2Fwp%2Fv2%2Fmedia&parent=213"}],"curies":[{"name":"wp","href":"https:\/\/api.w.org\/{rel}","templated":true}]}}