{"id":251,"date":"2011-08-20T19:53:32","date_gmt":"2011-08-20T19:53:32","guid":{"rendered":"http:\/\/www.xn--kita-whlmuse-ocb64a.de\/?page_id=251"},"modified":"2015-02-03T10:07:14","modified_gmt":"2015-02-03T10:07:14","slug":"kitafahrt-nach-eiterhagen","status":"publish","type":"page","link":"https:\/\/www.xn--kita-whlmuse-ocb64a.de\/?page_id=251","title":{"rendered":"Kitafahrt nach Eiterhagen"},"content":{"rendered":"<p>Wie in jedem Jahr fuhren die &#8222;W\u00fchlm\u00e4use&#8220; auch dieses mal auf Kitafahrt, wie schon im letzten Jahr nach S\u00f6hrewald-Eiterhagen.<br \/>\nDer Trend zur Familienfahrt scheint sich zu stabilisieren. Zahlreiche Eltern, kleinere und gr\u00f6\u00dfere Geschwister sowie alle<br \/>\nErzieherInnen lie\u00dfen sich diesen H\u00f6hepunkt des Kitajahres nicht entgehen. Von Freitag bis Sonntag verbrachten wir als<br \/>\nSelbstversorger gesellige Zeit auf Spielpl\u00e4tzen, beim gemeinsamen Kochen, Gro\u00dfgruppenspielen, Grillen, Musizieren, bei der<br \/>\nSchatzsuche oder am Lagerfeuer; alle zusammen oder auch nach dem Zubettbringen in geselliger Runde unter den Erwachsenen.<br \/>\nLetztendlich leistete auch das durchgehend tolle Wetter Mitte Mai seinen Beitrag dazu, dass die Stimmung gut war. Bei diesem<br \/>\ngemeinsam verbrachten Wochenende haben wir alle uns noch mal anders kennengelernt hat und sind als Gruppe mehr<br \/>\nzusammengewachsen.<\/p>\n<p><img decoding=\"async\" src=\"file:\/\/\/C:\/Users\/BUTZEN%7E1\/AppData\/Local\/Temp\/moz-screenshot-1.jpg\" alt=\"\" \/><img decoding=\"async\" src=\"file:\/\/\/C:\/Users\/BUTZEN%7E1\/AppData\/Local\/Temp\/moz-screenshot-2.jpg\" alt=\"\" \/><a href=\"https:\/\/www.xn--kita-whlmuse-ocb64a.de\/wp-content\/uploads\/2011\/08\/PICT07074.jpg\"><img loading=\"lazy\" decoding=\"async\" class=\"aligncenter size-medium wp-image-260\" title=\"DIGITAL CAMERA\" src=\"https:\/\/www.xn--kita-whlmuse-ocb64a.de\/wp-content\/uploads\/2011\/08\/PICT07074-300x225.jpg\" alt=\"\" width=\"300\" height=\"225\" srcset=\"https:\/\/www.xn--kita-whlmuse-ocb64a.de\/wp-content\/uploads\/2011\/08\/PICT07074-300x225.jpg 300w, https:\/\/www.xn--kita-whlmuse-ocb64a.de\/wp-content\/uploads\/2011\/08\/PICT07074.jpg 1024w\" sizes=\"auto, (max-width: 300px) 100vw, 300px\" \/><\/a><\/p>\n","protected":false},"excerpt":{"rendered":"<p>Wie in jedem Jahr fuhren die &#8222;W\u00fchlm\u00e4use&#8220; auch dieses mal auf Kitafahrt, wie schon im letzten Jahr nach S\u00f6hrewald-Eiterhagen. Der Trend zur Familienfahrt scheint sich zu stabilisieren. Zahlreiche Eltern, kleinere und gr\u00f6\u00dfere Geschwister sowie alle ErzieherInnen lie\u00dfen sich diesen H\u00f6hepunkt des Kitajahres nicht entgehen. Von Freitag bis Sonntag verbrachten wir als Selbstversorger gesellige Zeit auf &hellip; <a href=\"https:\/\/www.xn--kita-whlmuse-ocb64a.de\/?page_id=251\" class=\"more-link\"><span class=\"screen-reader-text\">Kitafahrt nach Eiterhagen<\/span> weiterlesen <span class=\"meta-nav\">&rarr;<\/span><\/a><\/p>\n","protected":false},"author":4,"featured_media":0,"parent":32,"menu_order":0,"comment_status":"closed","ping_status":"open","template":"","meta":{"footnotes":""},"class_list":["post-251","page","type-page","status-publish","hentry"],"_links":{"self":[{"href":"https:\/\/www.xn--kita-whlmuse-ocb64a.de\/index.php?rest_route=\/wp\/v2\/pages\/251","targetHints":{"allow":["GET"]}}],"collection":[{"href":"https:\/\/www.xn--kita-whlmuse-ocb64a.de\/index.php?rest_route=\/wp\/v2\/pages"}],"about":[{"href":"https:\/\/www.xn--kita-whlmuse-ocb64a.de\/index.php?rest_route=\/wp\/v2\/types\/page"}],"author":[{"embeddable":true,"href":"https:\/\/www.xn--kita-whlmuse-ocb64a.de\/index.php?rest_route=\/wp\/v2\/users\/4"}],"replies":[{"embeddable":true,"href":"https:\/\/www.xn--kita-whlmuse-ocb64a.de\/index.php?rest_route=%2Fwp%2Fv2%2Fcomments&post=251"}],"version-history":[{"count":1,"href":"https:\/\/www.xn--kita-whlmuse-ocb64a.de\/index.php?rest_route=\/wp\/v2\/pages\/251\/revisions"}],"predecessor-version":[{"id":261,"href":"https:\/\/www.xn--kita-whlmuse-ocb64a.de\/index.php?rest_route=\/wp\/v2\/pages\/251\/revisions\/261"}],"up":[{"embeddable":true,"href":"https:\/\/www.xn--kita-whlmuse-ocb64a.de\/index.php?rest_route=\/wp\/v2\/pages\/32"}],"wp:attachment":[{"href":"https:\/\/www.xn--kita-whlmuse-ocb64a.de\/index.php?rest_route=%2Fwp%2Fv2%2Fmedia&parent=251"}],"curies":[{"name":"wp","href":"https:\/\/api.w.org\/{rel}","templated":true}]}}